779 a prime number?
True
Is 3014777 prime?
True
Is 32748661 a prime number?
False
Is 627354703 composite?
False
Is 1812001 composite?
True
Is 1038829 prime?
False
Is 275760151 composite?
False
Is 150933 a prime number?
False
Is 2889001 a prime number?
True
Is 529408783 prime?
False
Is 31141127 a composite number?
True
Is 441853 a composite number?
True
Is 483519859 composite?
True
Is 419278687 a prime number?
False
Is 189345073 composite?
True
Is 6367157 a composite number?
False
Is 772637 composite?
True
Is 175437589 composite?
False
Is 18881831 prime?
False
Is 15903809 a prime number?
True
Is 520906 composite?
True
Is 3320749 a prime number?
True
Is 51774479 composite?
True
Is 12142117 composite?
True
Is 44229547 composite?
True
Is 5501429 prime?
False
Is 48400747 composite?
False
Is 1455403 prime?
True
Is 334094903 prime?
True
Is 224798341 prime?
True
Is 5066317 prime?
False
Is 16886795 composite?
True
Is 93311 a prime number?
False
Is 69567649 composite?
False
Is 2042992715 prime?
False
Is 1320607 a prime number?
True
Is 312062801 a prime number?
True
Is 10670629 composite?
True
Is 8068603 a prime number?
False
Is 26177399 a prime number?
False
Is 43447 composite?
True
Is 159774617 composite?
True
Is 165784237 a prime number?
False
Is 939481 a prime number?
False
Is 4123111 prime?
True
Is 4407731 a prime number?
True
Is 132752629 prime?
False
Is 45295 composite?
True
Is 44983567 composite?
False
Is 17760679 a prime number?
True
Is 788843 composite?
True
Is 95601466 a prime number?
False
Is 9679909 prime?
True
Is 7253699 prime?
True
Is 1343413 a prime number?
True
Is 46591691 composite?
True
Is 207010201 composite?
True
Is 60043241 composite?
True
Is 6340261 composite?
False
Is 36971341 a composite number?
True
Is 258949 a prime number?
True
Is 11461067 a composite number?
False
Is 2267449 a composite number?
True
Is 3989707 composite?
True
Is 1726253 composite?
False
Is 5236481 a composite number?
False
Is 553667 a prime number?
True
Is 2449259 a composite number?
False
Is 15978481 a composite number?
False
Is 40111361 prime?
True
Is 4870307 composite?
True
Is 30300073 a composite number?
False
Is 2956897 prime?
True
Is 17902571 composite?
False
Is 8234719 a prime number?
False
Is 25699811 a prime number?
True
Is 156733393 composite?
True
Is 21442033 composite?
True
Is 696072173 a composite number?
False
Is 518367571 a prime number?
True
Is 28857737 a prime number?
False
Is 567751 composite?
False
Is 33822157 prime?
True
Is 33893729 composite?
True
Is 10987601 composite?
False
Is 13515713 composite?
False
Is 113693873 a composite number?
True
Is 47184653 a prime number?
False
Is 8838415 prime?
False
Is 61793593 composite?
True
Is 686093621 composite?
False
Is 144779299 a composite number?
True
Is 4175177 composite?
False
Is 9904703 composite?
False
Is 83038727 a prime number?
False
Is 385027 composite?
False
Is 378507317 composite?
False
Is 61146923 a composite number?
False
Is 6416561 a prime number?
False
Is 72297718 a composite number?
True
Is 943127 composite?
False
Is 5566585 prime?
False
Is 1013959 composite?
True
Is 3998117 composite?
True
Is 66933931 prime?
True
Is 45574909 composite?
True
Is 224093 a prime number?
False
Is 3945943 a composite number?
True
Is 274994747 composite?
False
Is 39719969 composite?
False
Is 56117141 a composite number?
True
Is 37143533 composite?
True
Is 13061831 composite?
True
Is 7080317 prime?
True
Is 757607 prime?
True
Is 67570661 a prime number?
True
Is 2947391 a prime number?
False
Is 1398889 composite?
True
Is 8038223 composite?
True
Is 6130753 prime?
True
Is 223395961 a prime number?
False
Is 246951547 prime?
True
Is 1991677 composite?
False
Is 319393831 prime?
True
Is 1300907 a composite number?
False
Is 5147041 a composite number?
False
Is 93683 composite?
False
Is 1539557 prime?
True
Is 130421 a prime number?
False
Is 49340417 prime?
False
Is 5546581 a prime number?
False
Is 345837917 prime?
False
Is 461119 composite?
False
Is 1048877 a prime number?
True
Is 8959319 composite?
True
Is 124938023 composite?
True
Is 10733795 a prime number?
False
Is 11304059 a composite number?
True
Is 267617 a composite number?
True
Is 4470589 a prime number?
True
Is 12012461 a composite number?
False
Is 2942681 composite?
True
Is 22883573 a prime number?
True
Is 725369 prime?
False
Is 266067487 a composite number?
True
Is 65005307 a prime number?
True
Is 9216191 a prime number?
True
Is 323599261 composite?
False
Is 17465897 a prime number?
False
Is 682867 a composite number?
True
Is 244979447 a composite number?
False
Is 877739 composite?
False
Is 4425391 a composite number?
False
Is 34007971 prime?
True
Is 152856031 a prime number?
False
Is 16660417 a composite number?
False
Is 7990163 a composite number?
False
Is 37602643 composite?
True
Is 87321109 a prime number?
True
Is 4607233 composite?
False
Is 73804261 a composite number?
True
Is 348937 prime?
True
Is 251554909 a prime number?
False
Is 5159303 a composite number?
True
Is 500895731 a composite number?
True
Is 185462029 prime?
True
Is 45471449 a composite number?
True
Is 4060547 a prime number?
False
Is 59897969 prime?
True
Is 1110289 composite?
False
Is 1332935 a composite number?
True
Is 121189102 a prime number?
False
Is 1923979 prime?
True
Is 91898923 prime?
False
Is 14511065 composite?
True
Is 269350282 a prime number?
False
Is 24226229 prime?
True
Is 20491589 prime?
False
Is 4050311 a composite number?
False
Is 2863169 a composite number?
False
Is 1547801 prime?
False
Is 28743919 a prime number?
True
Is 4135423 prime?
False
Is 2131193 prime?
True
Is 5571109 a prime number?
False
Is 41497094 prime?
False
Is 12090613 a prime number?
False
Is 41667107 a prime number?
True
Is 1497473 a prime number?
False
Is 17623927 a prime number?
True
Is 832583 a composite number?
False
Is 148862563 composite?
False
Is 144702167 composite?
True
Is 119453207 prime?
True
Is 681852173 composite?
False
Is 2295235 composite?
True
Is 122828047 composite?
True
Is 567459041 a prime number?
True
Is 145396321 composite?
True
Is 42348689 prime?
False
Is 440438299 prime?
False
Is 6947321 a composite number?
False
Is 1089457 a prime number?
True
Is 17324911 a prime number?
False
Is 1118389 composite?
True
Is 24292493 composite?
False
Is 4892941 composite?
False
Is 21419329 a prime number?
True
Is 107255849 composite?
False
Is 4236643 composite?
False
Is 65689699 prime?
True
Is 593429819 composite?
False
Is 174325049 composite?
True
Is 20189035 prime?
False
Is 658538015 a prime number?
False
Is 815112119 prime?
False
Is 160582859 a prime number?
False
Is 1477055 composite?
True
Is 6231109 a composite number?
False
Is 3714047 a composite number?
True
Is 220189 composite?
False
Is 156671789 a prime number?
True
Is 28961579 prime?
False
Is 774253 a composite number?
True
Is 1913533 a composite number?
False
Is 10146907 composite?
False
Is 263527 a prime number?
False
Is 1890079 a prime number?
True
Is 134135077 a prime number?
True
Is 142801121 a prime number?
True
Is 141374483 composite?
False
Is 59322023 a prime number?
False
Is 251726 a prime number?
False
Is 4393057 a composite number?
True
Is 383219 composite?
False
Is 69683858 a prime number?
False
Is 5705279 prime?
True
Is 39991421 a composite number?
True
Is 1165889 prime?
True
Is 104409377 prime?
True
Is 1813249 a prime number?
False
Is 11475977 a prime number?
True
Is 71119 composite?
False
Is 258271363 a composite number?
True
Is 9359065 a composite number?
True
Is 629819 a composite number?
False
Is 36894503 a prime number?
False
Is 53181851 prime?
True
Is 53758169 composite?
False
Is 223718087 composite?
True
Is 319201 composite?
False
Is 9734357 a composite number?
False
Is 13745633 prime?
False
Is 3680713 prime?
False
Is 12096157 composite?
True
Is 3588961 composite?
False
Is 2550167 composite?
False
Is 23930237 composite?
True
Is 4939511 prime?
True
Is 3460217 composite?
False
Is 447817355 prime?
False
Is 471049 prime?
False
Is 10525289 prime?
False
Is 330482827 prime?
False
Is 94375537 prime?
True
Is 1462157 prime?
True
Is 15997777 prime?
False
Is 26601467 prime?
True
Is 474828469 a composite number?
False
Is 36630609 a composite number?
True
Is 5366377 composite?
False
Is 996221 a prime number?
False
Is 1560348